{"id":9,"date":"2018-07-02T08:08:26","date_gmt":"2018-07-02T08:08:26","guid":{"rendered":"http:\/\/bridge251.qodeinteractive.com\/?page_id=9"},"modified":"2025-12-16T17:44:39","modified_gmt":"2025-12-16T17:44:39","slug":"campamento-jovenes-cadetes","status":"publish","type":"page","link":"https:\/\/academyhispaniam.com\/campamento\/?page_id=9","title":{"rendered":"Campamento  \u00abMart\u00edn \u00c1lvarez\u00bb"},"content":{"rendered":"<p>[vc_row css_animation=\u00bb\u00bb row_type=\u00bbrow\u00bb use_row_as_full_screen_section=\u00bbno\u00bb type=\u00bbfull_width\u00bb angled_section=\u00bbno\u00bb text_align=\u00bbcenter\u00bb background_image_as_pattern=\u00bbwithout_pattern\u00bb css=\u00bb.vc_custom_1642710138769{padding-bottom: 20px !important;}\u00bb el_id=\u00bbnuestramision\u00bb z_index=\u00bb\u00bb][vc_column][vc_row_inner row_type=\u00bbrow\u00bb type=\u00bbfull_width\u00bb text_align=\u00bbleft\u00bb css_animation=\u00bb\u00bb][vc_column_inner width=\u00bb5\/6&#8243; offset=\u00bbvc_col-lg-6 vc_col-md-6 vc_col-sm-offset-0&#8243;][vc_gallery type=\u00bbflexslider_slide\u00bb interval=\u00bb10&#8243; images=\u00bb299,542,855&#8243; img_size=\u00bb900&#215;600&#8243; onclick=\u00bb\u00bb enable_drag=\u00bbyes\u00bb direction_nav=\u00bbyes\u00bb control_nav=\u00bbyes\u00bb][\/vc_column_inner][vc_column_inner offset=\u00bbvc_col-lg-6 vc_col-md-6&#8243;][qode_elements_holder number_of_columns=\u00bbone_column\u00bb][qode_elements_holder_item advanced_animations=\u00bbno\u00bb item_padding=\u00bb15% 36% 0 132px\u00bb item_padding_1280_1440=\u00bb9% 11% 0 122px\u00bb item_padding_1024_1280=\u00bb9% 11% 0 122px\u00bb item_padding_768_1024=\u00bb0% 6% 0 99px\u00bb item_padding_600_768=\u00bb15% 12% 0 89px\u00bb item_padding_480_600=\u00bb15% 5% 0 41px\u00bb item_padding_480=\u00bb15% 5% 0 41px\u00bb][vc_column_text]<\/p>\n<h1>NUESTRA MISION<\/h1>\n<p>[\/vc_column_text][vc_empty_space height=\u00bb5px\u00bb][vc_column_text]<\/p>\n<p class=\"rteBlock\">En estos\u00a0 d\u00edas lo que pretendemos inculcar a nuestros cadetes\u00a0 son valores como: abnegaci\u00f3n, esp\u00edritu de sacrificio, lealtad, superaci\u00f3n, compa\u00f1erismo, valor, humildad, valores que son imprescindibles en el desarrollo de la vida. El campamento va DIRIGIDO A J\u00d3VENES a partir de los 13 a\u00f1os hasta los 20 a\u00f1os<\/p>\n<p>[\/vc_column_text][vc_empty_space height=\u00bb10px\u00bb]<a  itemprop=\"url\" href=\"https:\/\/academyhispaniam.com\/campamento\/?page_id=231\" target=\"_self\"  class=\"qbutton  default\" style=\"font-family: Roboto Slab; \">\u00a1Quiero apuntarme!<\/a>[\/qode_elements_holder_item][\/qode_elements_holder][\/vc_column_inner][vc_column_inner][\/vc_column_inner][\/vc_row_inner][\/vc_column][\/vc_row][vc_row css_animation=\u00bb\u00bb row_type=\u00bbrow\u00bb use_row_as_full_screen_section=\u00bbno\u00bb type=\u00bbfull_width\u00bb angled_section=\u00bbno\u00bb text_align=\u00bbleft\u00bb background_image_as_pattern=\u00bbwithout_pattern\u00bb padding_top=\u00bb50&#8243; css=\u00bb.vc_custom_1589459091285{padding-bottom: 20px !important;}\u00bb z_index=\u00bb\u00bb][vc_column][vc_column_text]<\/p>\n<h1 style=\"text-align: center;\">QUE OFRECE NUESTRO\u00a0 CAMPAMENTO<\/h1>\n<p>[\/vc_column_text][vc_column_text]Ofrecemos un campamento de orientaci\u00f3n C\u00edvico militar para j\u00f3venes cadetes.<\/p>\n<p>Es importante matizar que, el campamento es intenso, disciplinado, pero un gratificante medio de diversi\u00f3n y esparcimiento, para todos aquellos que les gustar\u00eda forma parte en un futuro de nuestras FFAASS O FFCCSSE en cualquier escala y arma, nosotros le orientamos, para ello, compa\u00f1eros de diferentes unidades nos lo explicaran de primera mano.<\/p>\n<p>Es una oportunidad \u00fanica de vivir un campamento diferente, en el que recreamos todo lo que conlleva la vida cotidiana en cuanto a normas y conductas en el m\u00e1s estricto modelo \u00bb c\u00edvico militar\u00bb.\u00a0 Transmitimos \u00abla vida\u00bb diaria dentro de en los per\u00edodos de instrucci\u00f3n.[\/vc_column_text][vc_column_text]Realizaremos multitud de ejercicios, t\u00e9cnicas de supervivencia, topograf\u00eda y orientaci\u00f3n por medios naturales o br\u00fajulas y planos, escalada, rapel, tirolinas y circuito de cuerdas a\u00e9reas, actividades acu\u00e1ticas y subacu\u00e1ticas en piscina y pantano , aprendizaje y utilizaci\u00f3n de botes neum\u00e1ticos, kayak o piraguas, marchas de endurecimiento diurnas y nocturnas , pista militar o de aplicaci\u00f3n, t\u00e9cnicas de enmascaramiento y ocultaci\u00f3n,\u00a0 defensa personal\u00a0 ,ejercicios f\u00edsicos bootcamp, ejercicios y t\u00e1cticas de AIR SOFT , primeros auxilios. Conocer diferentes unidades policiales y militares, para as\u00ed poder decantarte por la que mas os atraiga.<\/p>\n<p>A\u00f1adimos una formaci\u00f3n un poco m\u00e1s especial, como puede ser el inicio al mundo subacu\u00e1tico (Bautismo de buceo o inicio a la equitaci\u00f3n por si alg\u00fan d\u00eda quieres formar parte de los escuadrones de caballer\u00eda o ser buceador.[\/vc_column_text][qode_elements_holder number_of_columns=\u00bbtwo_columns\u00bb][qode_elements_holder_item advanced_animations=\u00bbno\u00bb item_padding=\u00bb20px 40px 20px 40px\u00bb][\/qode_elements_holder_item][qode_elements_holder_item advanced_animations=\u00bbno\u00bb item_padding=\u00bb20px 40px 20px 40px\u00bb][\/qode_elements_holder_item][\/qode_elements_holder][\/vc_column][\/vc_row][vc_row css_animation=\u00bb\u00bb row_type=\u00bbrow\u00bb use_row_as_full_screen_section=\u00bbno\u00bb type=\u00bbfull_width\u00bb angled_section=\u00bbno\u00bb text_align=\u00bbleft\u00bb background_image_as_pattern=\u00bbwithout_pattern\u00bb padding_top=\u00bb40&#8243; css=\u00bb.vc_custom_1589971375632{padding-bottom: 20px !important;}\u00bb z_index=\u00bb\u00bb el_id=\u00bbequipoinstructor\u00bb][vc_column][vc_row_inner row_type=\u00bbrow\u00bb type=\u00bbfull_width\u00bb text_align=\u00bbleft\u00bb css_animation=\u00bb\u00bb][vc_column_inner offset=\u00bbvc_col-lg-6 vc_col-md-6&#8243;][qode_elements_holder number_of_columns=\u00bbone_column\u00bb][qode_elements_holder_item advanced_animations=\u00bbno\u00bb item_padding=\u00bb40px 40px 40px 50px\u00bb item_padding_1280_1440=\u00bb9% 11% 0 122px\u00bb item_padding_1024_1280=\u00bb9% 11% 0 122px\u00bb item_padding_768_1024=\u00bb0% 6% 0 99px\u00bb item_padding_600_768=\u00bb15% 12% 0 89px\u00bb item_padding_480_600=\u00bb15% 5% 0 41px\u00bb item_padding_480=\u00bb15% 5% 0 41px\u00bb][vc_column_text]<\/p>\n<h1>OBJETIVO DEL CAMPAMENTO<\/h1>\n<p>[\/vc_column_text][vc_empty_space height=\u00bb5px\u00bb][vc_separator type=\u00bbsmall\u00bb position=\u00bbleft\u00bb color=\u00bb#faa456&#8243; thickness=\u00bb5&#8243; width=\u00bb48&#8243;][vc_column_text]El objetivo de\u00a0 nuestro Campamento, intenso pero muy gratificante a nivel personal y de equipo. Deber\u00e1s de cumplir las normas a rajatabla, desde primera hora de la ma\u00f1ana\u00a0 al levantare con el\u00a0 toque de diana, hasta el toque de silencio. A lo largo del d\u00eda podr\u00e1s comprobar que se pueden realizar multitud de actividades, que eres capaz de dar m\u00e1s de lo que te cre\u00edas capaz\u00a0 y sentirte orgulloso de comprobar\u00a0 en primera\u00a0 persona que con\u00a0 sacrificio, esfuerzo y\u00a0 disciplina siempre obtendr\u00e1s\u00a0 recompensas a nivel personal.[\/vc_column_text][vc_empty_space height=\u00bb10px\u00bb]<a  itemprop=\"url\" href=\"https:\/\/academyhispaniam.com\/campamento\/?page_id=231\" target=\"_self\"  class=\"qbutton  default\" style=\"font-family: Roboto Slab; \">\u00a1Quiero apuntarme!<\/a>[\/qode_elements_holder_item][\/qode_elements_holder][\/vc_column_inner][vc_column_inner width=\u00bb5\/6&#8243; offset=\u00bbvc_col-lg-6 vc_col-md-6 vc_col-sm-offset-0&#8243; css=\u00bb.vc_custom_1588926443954{padding-top: 50px !important;padding-right: 50px !important;padding-bottom: 50px !important;padding-left: 50px !important;}\u00bb][vc_video link=\u00bbhttps:\/\/youtu.be\/0LnPG6dGxxc\u00bb][\/vc_column_inner][\/vc_row_inner][\/vc_column][\/vc_row][vc_row css_animation=\u00bb\u00bb row_type=\u00bbrow\u00bb use_row_as_full_screen_section=\u00bbno\u00bb type=\u00bbfull_width\u00bb angled_section=\u00bbno\u00bb text_align=\u00bbleft\u00bb background_image_as_pattern=\u00bbwithout_pattern\u00bb z_index=\u00bb\u00bb css=\u00bb.vc_custom_1587123374064{padding-top: 20px !important;}\u00bb padding_top=\u00bb20&#8243;][vc_column offset=\u00bbvc_hidden-lg vc_hidden-md vc_hidden-sm vc_hidden-xs\u00bb][vc_row_inner row_type=\u00bbrow\u00bb type=\u00bbgrid\u00bb text_align=\u00bbleft\u00bb css_animation=\u00bb\u00bb][vc_column_inner width=\u00bb1\/2&#8243; offset=\u00bbvc_col-lg-3 vc_col-md-3&#8243;][vc_column_text]<\/p>\n<h3 style=\"text-align: left;\"><span style=\"color: #ffffff;\">T\u00e9cnicas de supervivencia<\/span><\/h3>\n<p>[\/vc_column_text][vc_empty_space height=\u00bb24px\u00bb]<div class=\"q_icon_list\"><i class=\"qode_icon_font_awesome fa fa-circle qode-ili-icon-holder transparent\" style=\"font-size: 9px;color: #f8b207;\" ><\/i><p style=\"color:#c0c0c1;font-size: 16px;font-weight: 300;\">Topograf\u00eda<\/p><\/div><div class=\"q_icon_list\"><i class=\"qode_icon_font_awesome fa fa-circle qode-ili-icon-holder transparent\" style=\"font-size: 9px;color: #f8b207;\" ><\/i><p style=\"color:#c0c0c1;font-size: 16px;font-weight: 300;\">Orientaci\u00f3n en medios naturales<\/p><\/div><div class=\"q_icon_list\"><i class=\"qode_icon_font_awesome fa fa-circle qode-ili-icon-holder transparent\" style=\"font-size: 9px;color: #f8b207;\" ><\/i><p style=\"color:#c0c0c1;font-size: 16px;font-weight: 300;\">Estudio de brujas y planos<\/p><\/div>[vc_empty_space height=\u00bb50px\u00bb][\/vc_column_inner][vc_column_inner width=\u00bb1\/2&#8243; offset=\u00bbvc_col-lg-3 vc_col-md-3&#8243;][vc_column_text]<\/p>\n<h3 style=\"text-align: left;\"><span style=\"color: #ffffff;\">Actividades a\u00e9reas<\/span><\/h3>\n<p>[\/vc_column_text][vc_empty_space height=\u00bb24px\u00bb]<div class=\"q_icon_list\"><i class=\"qode_icon_font_awesome fa fa-circle qode-ili-icon-holder transparent\" style=\"font-size: 9px;color: #f8b207;\" ><\/i><p style=\"color:#c0c0c1;font-size: 16px;font-weight: 300;\">Escalada<\/p><\/div><div class=\"q_icon_list\"><i class=\"qode_icon_font_awesome fa fa-circle qode-ili-icon-holder transparent\" style=\"font-size: 9px;color: #f8b207;\" ><\/i><p style=\"color:#c0c0c1;font-size: 16px;font-weight: 300;\">Rapel<\/p><\/div><div class=\"q_icon_list\"><i class=\"qode_icon_font_awesome fa fa-circle qode-ili-icon-holder transparent\" style=\"font-size: 9px;color: #f8b207;\" ><\/i><p style=\"color:#c0c0c1;font-size: 16px;font-weight: 300;\">Tirolina<\/p><\/div>[vc_empty_space height=\u00bb50px\u00bb][\/vc_column_inner][vc_column_inner width=\u00bb1\/2&#8243; offset=\u00bbvc_col-lg-3 vc_col-md-3&#8243;][vc_column_text]<\/p>\n<h3 style=\"text-align: left;\"><span style=\"color: #ffffff;\">Actividades acu\u00e1ticas y subacu\u00e1ticas<\/span><\/h3>\n<p>[\/vc_column_text][vc_empty_space height=\u00bb24px\u00bb]<div class=\"q_icon_list\"><i class=\"qode_icon_font_awesome fa fa-circle qode-ili-icon-holder transparent\" style=\"font-size: 9px;color: #f8b207;\" ><\/i><p style=\"color:#c0c0c1;font-size: 16px;font-weight: 300;\">Botes neum\u00e1ticas<\/p><\/div><div class=\"q_icon_list\"><i class=\"qode_icon_font_awesome fa fa-circle qode-ili-icon-holder transparent\" style=\"font-size: 9px;color: #f8b207;\" ><\/i><p style=\"color:#c0c0c1;font-size: 16px;font-weight: 300;\">Kayak<\/p><\/div><div class=\"q_icon_list\"><i class=\"qode_icon_font_awesome fa fa-circle qode-ili-icon-holder transparent\" style=\"font-size: 9px;color: #f8b207;\" ><\/i><p style=\"color:#c0c0c1;font-size: 16px;font-weight: 300;\">Pirag\u00fca<\/p><\/div>[vc_empty_space height=\u00bb50px\u00bb][\/vc_column_inner][vc_column_inner width=\u00bb1\/2&#8243; offset=\u00bbvc_col-lg-3 vc_col-md-3&#8243;][vc_column_text]<\/p>\n<h3 style=\"text-align: left;\"><span style=\"color: #ffffff;\">T\u00e9cnicas de guerrilla<\/span><\/h3>\n<p>[\/vc_column_text][vc_empty_space height=\u00bb24px\u00bb]<div class=\"q_icon_list\"><i class=\"qode_icon_font_awesome fa fa-circle qode-ili-icon-holder transparent\" style=\"font-size: 9px;color: #f8b207;\" ><\/i><p style=\"color:#c0c0c1;font-size: 16px;font-weight: 300;\">T\u00e9cnicas de ocultamiento<\/p><\/div><div class=\"q_icon_list\"><i class=\"qode_icon_font_awesome fa fa-circle qode-ili-icon-holder transparent\" style=\"font-size: 9px;color: #f8b207;\" ><\/i><p style=\"color:#c0c0c1;font-size: 16px;font-weight: 300;\">Defensa personal<\/p><\/div><div class=\"q_icon_list\"><i class=\"qode_icon_font_awesome fa fa-circle qode-ili-icon-holder transparent\" style=\"font-size: 9px;color: #f8b207;\" ><\/i><p style=\"color:#c0c0c1;font-size: 16px;font-weight: 300;\">Conocimientos primeros auxilios<\/p><\/div>[vc_empty_space height=\u00bb50px\u00bb][\/vc_column_inner][\/vc_row_inner][\/vc_column][\/vc_row][vc_row css_animation=\u00bb\u00bb row_type=\u00bbrow\u00bb use_row_as_full_screen_section=\u00bbno\u00bb type=\u00bbfull_width\u00bb angled_section=\u00bbno\u00bb text_align=\u00bbleft\u00bb background_image_as_pattern=\u00bbwithout_pattern\u00bb z_index=\u00bb\u00bb padding_top=\u00bb20&#8243; padding_bottom=\u00bb20&#8243;][vc_column][animated_icons_with_text columns=\u00bbthree_columns\u00bb][animated_icon_with_text icon=\u00bbfa-check\u00bb title=\u00bbInstructores titulados\u00bb text=\u00bbLa realizaci\u00f3n de campamentos para j\u00f3venes ADQUIERE UNOS PAR\u00c1METROS ESPEC\u00cdFICOS PARA SU REALIZACI\u00d3N. Es por ello POR LO QUE nuestro equipo de instructores Academy Hispaniam Temarr est\u00e1n capacitados a nivel personal y profesional.\u00bb][animated_icon_with_text icon=\u00bbfa-level-up\u00bb title=\u00bbEquipo con experiencia\u00bb text=\u00bbCada actividad de Academy Hispaniam Temarr estar\u00e1 en todo momento gestionado por expertos. Le garantizamos que tendr\u00e1 siempre trabajando para usted a los profesionales m\u00e1s experimentados.\u00bb][animated_icon_with_text icon=\u00bbfa-star\u00bb title=\u00bbCalidad garantizada\u00bb text=\u00bbEstamos aqu\u00ed para superarnos continuamente, sin perder el norte. Creemos en una formaci\u00f3n acorde a las edades, sabiendo diferenciar en todo momento, los rangos de edad, SUS CAPACIDADES PSICOF\u00cdSICAS y la actividad l\u00fadica.\u00bb][\/animated_icons_with_text][\/vc_column][\/vc_row][vc_row css_animation=\u00bb\u00bb row_type=\u00bbrow\u00bb use_row_as_full_screen_section=\u00bbno\u00bb type=\u00bbfull_width\u00bb angled_section=\u00bbno\u00bb text_align=\u00bbleft\u00bb background_image_as_pattern=\u00bbwithout_pattern\u00bb][vc_column]<div class='qode_image_gallery_no_space '><div class='qode_image_gallery_holder' style=''><ul  ><li  ><div style=\" width:992px;\"><img decoding=\"async\" itemprop=\"image\" src=\"https:\/\/academyhispaniam.com\/campamento\/wp-content\/uploads\/2020\/04\/galeria5.jpg\" alt=\"\" \/><\/div><\/li><li  ><div style=\" width:992px;\"><img decoding=\"async\" itemprop=\"image\" src=\"https:\/\/academyhispaniam.com\/campamento\/wp-content\/uploads\/2020\/04\/Galeria2.jpg\" alt=\"\" \/><\/div><\/li><li  ><div style=\" width:992px;\"><img decoding=\"async\" itemprop=\"image\" src=\"https:\/\/academyhispaniam.com\/campamento\/wp-content\/uploads\/2020\/04\/galeria7.jpg\" alt=\"\" \/><\/div><\/li><li  ><div style=\" width:1600px;\"><img decoding=\"async\" itemprop=\"image\" src=\"https:\/\/academyhispaniam.com\/campamento\/wp-content\/uploads\/2020\/09\/AYEG4892.jpg\" alt=\"\" \/><\/div><\/li><li  ><div style=\" width:1600px;\"><img decoding=\"async\" itemprop=\"image\" src=\"https:\/\/academyhispaniam.com\/campamento\/wp-content\/uploads\/2020\/05\/7-B.jpg\" alt=\"\" \/><\/div><\/li><li  ><div style=\" width:1600px;\"><img decoding=\"async\" itemprop=\"image\" src=\"https:\/\/academyhispaniam.com\/campamento\/wp-content\/uploads\/2020\/05\/8-B.jpg\" alt=\"\" \/><\/div><\/li><\/ul><\/div><div class=\"controls\"><a class=\"prev-slide\" href=\"#\"><span><i class=\"fa fa-angle-left\"><\/i><\/span><\/a><a class=\"next-slide\" href=\"#\"><span><i class=\"fa fa-angle-right\"><\/i><\/span><\/a><\/div><\/div>[\/vc_column][\/vc_row][vc_row css_animation=\u00bb\u00bb row_type=\u00bbrow\u00bb use_row_as_full_screen_section=\u00bbno\u00bb type=\u00bbgrid\u00bb angled_section=\u00bbno\u00bb text_align=\u00bbcenter\u00bb background_image_as_pattern=\u00bbwithout_pattern\u00bb z_index=\u00bb\u00bb padding_top=\u00bb110&#8243; padding_bottom=\u00bb40&#8243; css=\u00bb.vc_custom_1590139315056{background-image: url(https:\/\/academyhispaniam.com\/campamento\/wp-content\/uploads\/2020\/04\/contact-img-2.jpg?id=326) !important;}\u00bb el_id=\u00bbtestimonios\u00bb][vc_column][vc_separator type=\u00bbnormal\u00bb color=\u00bb#bababa\u00bb transparency=\u00bb0.4&#8243;]<div class='testimonials_holder clearfix light'><div class=\"testimonials testimonials_carousel\" data-show-navigation=\"yes\" data-animation-type=\"fade\" data-animation-speed=\"\" data-auto-rotate-slides=\"5\" data-number-per-slide=\"1\"><ul class=\"slides\"><li id=\"testimonials415\" class=\"testimonial_content\"><div class=\"testimonial_content_inner\"><div class=\"testimonial_text_holder\"><div class=\"testimonial_text_inner\" style=\"color: #ffffff;\"><p style='font-size:25px;color:#ffffff;'>Buenas tardes, al que lo hemos manifestado a trav\u00e9s de Facebook y el ultimo d\u00eda a la mayor\u00eda de los instructores en persona, tanto a Rodrigo como a nosotros nos a encantado y a superado mis expectativas, adem\u00e1s Rodrigo ya est\u00e1 pensando en \u00e9l a\u00f1os que viene(eso si si aprueba el curso). De coraz\u00f3n muchas gracias por todo.<\/p><p class=\"testimonial_author\" style=\"color: #ffffff;font-weight: 300;color: #ffffff;font-size: 35px;\">FAMILIA CADETE V.<\/p><\/div><\/div><\/div><\/li><li id=\"testimonials414\" class=\"testimonial_content\"><div class=\"testimonial_content_inner\"><div class=\"testimonial_text_holder\"><div class=\"testimonial_text_inner\" style=\"color: #ffffff;\"><p style='font-size:25px;color:#ffffff;'>Gran dedicaci\u00f3n y esfuerzo  tanto en Instructores como en Cadetes, pero sobretodo, mucho coraz\u00f3n, motivaci\u00f3n e ilusi\u00f3n en el trabajo realizado. Con esta actitud, estoy seguro de que todas las promociones ser\u00e1n un \u00e9xito. Ahora toca pensar qu\u00e9 novedades se pueden seguir implementando en la pr\u00f3xima promoci\u00f3n. Suerte y gracias!!<\/p><p class=\"testimonial_author\" style=\"color: #ffffff;font-weight: 300;color: #ffffff;font-size: 35px;\">FAMILIA CADETE F. <\/p><\/div><\/div><\/div><\/li><li id=\"testimonials413\" class=\"testimonial_content\"><div class=\"testimonial_content_inner\"><div class=\"testimonial_text_holder\"><div class=\"testimonial_text_inner\" style=\"color: #ffffff;\"><p style='font-size:25px;color:#ffffff;'>Nuestra valoraci\u00f3n mas importante, es la que nos ha transmitido nuestro hijo, Saul. El ha vuelto encantado, con un sinf\u00edn de experiencias y aventuras vividas. Tanto es as\u00ed que nos ha indicado como prioridad absoluta, que quiere volver a vuestro campamento el a\u00f1o que viene. B\u00e1sicamente eso lo resume todo!!! Por otro lado, desde nuestro punto de vista como padres, nos sentimos muy agradecidos y afortunados al descubrir vuestro campamento. Lo que mas no ha gustado es que SOIS UN GRANDISIMO EQUIPO HUMANO Y OS HAB\u00c9IS \"VOLCADO\" CON LOS CHAVALES EN TODO EL SINF\u00cdN DE ACTIVIDADES Y VALORES QUE HAB\u00c9IS DESARROLLADO.No tenemos m\u00e1s que agradeceros la profesionalidad e implicaci\u00f3n con la que llev\u00e1is este proyecto. Estamos tremendamente agradecidos. A vuestra disposici\u00f3n para lo que necesit\u00e9is. Un fort\u00edsimo abrazo<\/p><p class=\"testimonial_author\" style=\"color: #ffffff;font-weight: 300;color: #ffffff;font-size: 35px;\">FAMILIA CADETE S. <\/p><\/div><\/div><\/div><\/li><li id=\"testimonials412\" class=\"testimonial_content\"><div class=\"testimonial_content_inner\"><div class=\"testimonial_text_holder\"><div class=\"testimonial_text_inner\" style=\"color: #ffffff;\"><p style='font-size:25px;color:#ffffff;'>Buenas tardes nos ha parecido fenomenal, nuestra hija a disfrutado much\u00edsimo y ha comprobado que los valores que hemos intentado inculcarle durante todos estos a\u00f1os  son reales y hay mucha gente que vive de acuerdo a ellos. Agradeceros todo el trabajo y esfuerzo que hab\u00e9is hecho y \u00fanicamente esperar que llegue el pr\u00f3ximo a\u00f1o para que pueda volver a disfrutarlo. Gracias y un abrazo.<\/p><p class=\"testimonial_author\" style=\"color: #ffffff;font-weight: 300;color: #ffffff;font-size: 35px;\">FAMILIA CADETE G. <\/p><\/div><\/div><\/div><\/li><li id=\"testimonials411\" class=\"testimonial_content\"><div class=\"testimonial_content_inner\"><div class=\"testimonial_text_holder\"><div class=\"testimonial_text_inner\" style=\"color: #ffffff;\"><p style='font-size:25px;color:#ffffff;'>Fui a este campamento con las expectativas altas pero tanto sus instructores como sus actividades me han dejado impresionado. Hay mucha variedad de actividades (correr, CQB, lanchas zodiac, criminologia, controles de la PM, etc), la comida y las intalaciones excelentes, pienso volver todos los a\u00f1os que pueda y recomendar este campamento a cualquiera que este dispuesto a ir, seguro que no se decepciona.<\/p><p class=\"testimonial_author\" style=\"color: #ffffff;font-weight: 300;color: #ffffff;font-size: 35px;\">CADETE S. <\/p><\/div><\/div><\/div><\/li><li id=\"testimonials410\" class=\"testimonial_content\"><div class=\"testimonial_content_inner\"><div class=\"testimonial_text_holder\"><div class=\"testimonial_text_inner\" style=\"color: #ffffff;\"><p style='font-size:25px;color:#ffffff;'>De Hispaniam Temarr lo recomiendo todo: instructores muy profesionales y preparados, el trato a l@s cadetes, el entorno, las actividades, los valores que transmiten (compa\u00f1erismo, respeto, esfuerzo...), las instalaciones...<\/p><p class=\"testimonial_author\" style=\"color: #ffffff;font-weight: 300;color: #ffffff;font-size: 35px;\">FAMILIA  CADETE C.  <\/p><\/div><\/div><\/div><\/li><li id=\"testimonials409\" class=\"testimonial_content\"><div class=\"testimonial_content_inner\"><div class=\"testimonial_text_holder\"><div class=\"testimonial_text_inner\" style=\"color: #ffffff;\"><p style='font-size:25px;color:#ffffff;'>Algo m\u00e1s que un simple campamento, yo mande esta a\u00f1o a mi hijo por primera vez y lo que son capaces de aprender, los valores que les inculcan, valores imprescindibles para la vida, la confianza en si mismos, autoestima y af\u00e1n de superaci\u00f3n en tan solo 15 d\u00edas hay que verlo para creerlo. Ganarse el cari\u00f1o, el respeto y la confianza de j\u00f3venes de esa edad esta al alcance de muy pocos, y vosotros instructores y todo el equipo lo hab\u00e9is conseguido, sois muy grandes. Quiero dar las gracias a los instructores y a todo el equipo que form\u00e1is La Espuela, gente maravillosa y super agradable, mi hijo os echa mucho de menos a todos. Para el a\u00f1o que viene, si nada lo impide nos veremos. Much\u00edsimas gracias a todos y un fuert\u00edsimo abrazo de toda la familia y especialmente de Cadete D\u00edaz para todos.<\/p><p class=\"testimonial_author\" style=\"color: #ffffff;font-weight: 300;color: #ffffff;font-size: 35px;\">FAMILIA  CADETE D. <\/p><\/div><\/div><\/div><\/li><\/ul><\/div><\/div>[\/vc_column][\/vc_row]<\/p>\n","protected":false},"excerpt":{"rendered":"<p>[vc_row css_animation=\u00bb\u00bb row_type=\u00bbrow\u00bb use_row_as_full_screen_section=\u00bbno\u00bb type=\u00bbfull_width\u00bb angled_section=\u00bbno\u00bb text_align=\u00bbcenter\u00bb background_image_as_pattern=\u00bbwithout_pattern\u00bb css=\u00bb.vc_custom_1642710138769{padding-bottom: 20px !important;}\u00bb el_id=\u00bbnuestramision\u00bb z_index=\u00bb\u00bb][vc_column][vc_row_inner row_type=\u00bbrow\u00bb type=\u00bbfull_width\u00bb text_align=\u00bbleft\u00bb css_animation=\u00bb\u00bb][vc_column_inner width=\u00bb5\/6&#8243; offset=\u00bbvc_col-lg-6 vc_col-md-6 vc_col-sm-offset-0&#8243;][vc_gallery type=\u00bbflexslider_slide\u00bb interval=\u00bb10&#8243; images=\u00bb299,542,855&#8243; img_size=\u00bb900&#215;600&#8243; onclick=\u00bb\u00bb enable_drag=\u00bbyes\u00bb direction_nav=\u00bbyes\u00bb control_nav=\u00bbyes\u00bb][\/vc_column_inner][vc_column_inner offset=\u00bbvc_col-lg-6 vc_col-md-6&#8243;][qode_elements_holder number_of_columns=\u00bbone_column\u00bb][qode_elements_holder_item advanced_animations=\u00bbno\u00bb item_padding=\u00bb15% 36% 0 132px\u00bb item_padding_1280_1440=\u00bb9% 11% 0 122px\u00bb item_padding_1024_1280=\u00bb9% 11% 0 122px\u00bb&#8230;<\/p>\n","protected":false},"author":1,"featured_media":0,"parent":0,"menu_order":0,"comment_status":"closed","ping_status":"closed","template":"full_width.php","meta":{"_eb_attr":"","footnotes":""},"class_list":["post-9","page","type-page","status-publish","hentry"],"_links":{"self":[{"href":"https:\/\/academyhispaniam.com\/campamento\/index.php?rest_route=\/wp\/v2\/pages\/9","targetHints":{"allow":["GET"]}}],"collection":[{"href":"https:\/\/academyhispaniam.com\/campamento\/index.php?rest_route=\/wp\/v2\/pages"}],"about":[{"href":"https:\/\/academyhispaniam.com\/campamento\/index.php?rest_route=\/wp\/v2\/types\/page"}],"author":[{"embeddable":true,"href":"https:\/\/academyhispaniam.com\/campamento\/index.php?rest_route=\/wp\/v2\/users\/1"}],"replies":[{"embeddable":true,"href":"https:\/\/academyhispaniam.com\/campamento\/index.php?rest_route=%2Fwp%2Fv2%2Fcomments&post=9"}],"version-history":[{"count":112,"href":"https:\/\/academyhispaniam.com\/campamento\/index.php?rest_route=\/wp\/v2\/pages\/9\/revisions"}],"predecessor-version":[{"id":1221,"href":"https:\/\/academyhispaniam.com\/campamento\/index.php?rest_route=\/wp\/v2\/pages\/9\/revisions\/1221"}],"wp:attachment":[{"href":"https:\/\/academyhispaniam.com\/campamento\/index.php?rest_route=%2Fwp%2Fv2%2Fmedia&parent=9"}],"curies":[{"name":"wp","href":"https:\/\/api.w.org\/{rel}","templated":true}]}}